{"id":16,"date":"2015-09-23T16:30:02","date_gmt":"2015-09-23T16:30:02","guid":{"rendered":"http:\/\/tommustester.wpengine.com\/?page_id=16"},"modified":"2020-09-16T09:04:17","modified_gmt":"2020-09-16T09:04:17","slug":"home-classic","status":"publish","type":"page","link":"https:\/\/comforclima.es\/blog\/","title":{"rendered":"Comforclima"},"content":{"rendered":"<p>[vc_row full_width=\u00bbstretch_row\u00bb css=\u00bb.vc_custom_1443022843786{padding-top: 0px !important;padding-bottom: 0px !important;}\u00bb][vc_column][vc_column_text]<\/p>\n<div class=\"image-slider slider-all-controls controls-inside\"><ul class=\"slides\"><li><div class=\"background-image-holder\"><img width=\"1600\" height=\"800\" src=\"https:\/\/comforclima.es\/blog\/wp-content\/uploads\/2020\/09\/1.jpg\" class=\"attachment-full size-full\" alt=\"\" loading=\"lazy\" srcset=\"https:\/\/comforclima.es\/blog\/wp-content\/uploads\/2020\/09\/1.jpg 1600w, https:\/\/comforclima.es\/blog\/wp-content\/uploads\/2020\/09\/1-300x150.jpg 300w, https:\/\/comforclima.es\/blog\/wp-content\/uploads\/2020\/09\/1-1024x512.jpg 1024w, https:\/\/comforclima.es\/blog\/wp-content\/uploads\/2020\/09\/1-768x384.jpg 768w, https:\/\/comforclima.es\/blog\/wp-content\/uploads\/2020\/09\/1-1536x768.jpg 1536w\" sizes=\"(max-width: 1600px) 100vw, 1600px\" \/><\/div><\/li><li><div class=\"background-image-holder\"><img width=\"2560\" height=\"1706\" src=\"https:\/\/comforclima.es\/blog\/wp-content\/uploads\/2020\/09\/nominated-changing-the-filter-of-the-air-condition-QAFT87U-scaled.jpg\" class=\"attachment-full size-full\" alt=\"\" loading=\"lazy\" srcset=\"https:\/\/comforclima.es\/blog\/wp-content\/uploads\/2020\/09\/nominated-changing-the-filter-of-the-air-condition-QAFT87U-scaled.jpg 2560w, https:\/\/comforclima.es\/blog\/wp-content\/uploads\/2020\/09\/nominated-changing-the-filter-of-the-air-condition-QAFT87U-300x200.jpg 300w, https:\/\/comforclima.es\/blog\/wp-content\/uploads\/2020\/09\/nominated-changing-the-filter-of-the-air-condition-QAFT87U-1024x683.jpg 1024w, https:\/\/comforclima.es\/blog\/wp-content\/uploads\/2020\/09\/nominated-changing-the-filter-of-the-air-condition-QAFT87U-768x512.jpg 768w, https:\/\/comforclima.es\/blog\/wp-content\/uploads\/2020\/09\/nominated-changing-the-filter-of-the-air-condition-QAFT87U-1536x1024.jpg 1536w, https:\/\/comforclima.es\/blog\/wp-content\/uploads\/2020\/09\/nominated-changing-the-filter-of-the-air-condition-QAFT87U-2048x1365.jpg 2048w\" sizes=\"(max-width: 2560px) 100vw, 2560px\" \/><\/div><\/li><\/ul><\/div>\n<p>[\/vc_column_text][vc_column_text]<\/p>\n<h3 style=\"text-align: center;\">\u00bfEst\u00e1s pensando en cambiar el sistemas de climatizaci\u00f3n y calefacci\u00f3n de tu hogar?<\/h3>\n<h4 style=\"text-align: center;\">\u00a1En Comforclima podemos ayudarte!<\/h4>\n<p>[\/vc_column_text][\/vc_column][\/vc_row][vc_row css=\u00bb.vc_custom_1443023537711{padding-bottom: 0px !important;}\u00bb][vc_column css=\u00bb.vc_custom_1600247062135{background-color: #e5e5e5 !important;}\u00bb][vc_column_text]<\/p>\n<h2 style=\"text-align: center;\">NUESTROS SERVICIOS<\/h2>\n<p>[\/vc_column_text][\/vc_column][\/vc_row][vc_row css=\u00bb.vc_custom_1443023544076{padding-bottom: 0px !important;}\u00bb][vc_column width=\u00bb1\/3&#8243;][vc_column_text]<img loading=\"lazy\" class=\"alignnone wp-image-334 size-medium\" src=\"https:\/\/comforclima.es\/blog\/wp-content\/uploads\/2020\/08\/Calefacci\u00f3nComforclima-300x199.jpg\" alt=\"Calefacci\u00f3nComforclima\" width=\"300\" height=\"199\" srcset=\"https:\/\/comforclima.es\/blog\/wp-content\/uploads\/2020\/08\/Calefacci\u00f3nComforclima-300x199.jpg 300w, https:\/\/comforclima.es\/blog\/wp-content\/uploads\/2020\/08\/Calefacci\u00f3nComforclima-768x509.jpg 768w, https:\/\/comforclima.es\/blog\/wp-content\/uploads\/2020\/08\/Calefacci\u00f3nComforclima.jpg 869w\" sizes=\"(max-width: 300px) 100vw, 300px\" \/><\/p>\n<h4 class=\"uppercase\">CALEFACCI\u00d3N<\/h4>\n<p>En Comforclima montamos aparatos de calefacci\u00f3n as\u00ed como estufas de pellets para que puedas disfrutar de una temperatura \u00f3ptima en los meses de invierno en tu casa.[\/vc_column_text][\/vc_column][vc_column width=\u00bb1\/3&#8243;][vc_column_text]<img loading=\"lazy\" class=\"alignnone wp-image-333 size-medium\" src=\"https:\/\/comforclima.es\/blog\/wp-content\/uploads\/2020\/08\/AireComforclima-300x199.jpg\" alt=\"AireComforclima\" width=\"300\" height=\"199\" srcset=\"https:\/\/comforclima.es\/blog\/wp-content\/uploads\/2020\/08\/AireComforclima-300x199.jpg 300w, https:\/\/comforclima.es\/blog\/wp-content\/uploads\/2020\/08\/AireComforclima-768x509.jpg 768w, https:\/\/comforclima.es\/blog\/wp-content\/uploads\/2020\/08\/AireComforclima.jpg 869w\" sizes=\"(max-width: 300px) 100vw, 300px\" \/><\/p>\n<h4 class=\"uppercase\">AIRE ACONDICIONADO<\/h4>\n<p>Con m\u00e1s de 25 a\u00f1os de experiencia, en Comforclima te asesoramos sobre cual es tu mejor opci\u00f3n de aparatos de aire acondicionado y realizamos el montaje.[\/vc_column_text][\/vc_column][vc_column width=\u00bb1\/3&#8243;][vc_column_text]<img loading=\"lazy\" class=\"alignnone wp-image-332 size-medium\" src=\"https:\/\/comforclima.es\/blog\/wp-content\/uploads\/2020\/08\/MantenimientoComforclima-300x199.jpg\" alt=\"MantenimientoComforclima\" width=\"300\" height=\"199\" srcset=\"https:\/\/comforclima.es\/blog\/wp-content\/uploads\/2020\/08\/MantenimientoComforclima-300x199.jpg 300w, https:\/\/comforclima.es\/blog\/wp-content\/uploads\/2020\/08\/MantenimientoComforclima-768x509.jpg 768w, https:\/\/comforclima.es\/blog\/wp-content\/uploads\/2020\/08\/MantenimientoComforclima.jpg 869w\" sizes=\"(max-width: 300px) 100vw, 300px\" \/><\/p>\n<h4 class=\"uppercase\">MANTENIMIENTO<\/h4>\n<p>En Comforclima realizamos tu mantenimiento de aire acondicionado y calderas para que puedas disfrutar de tus aparatos de climatizaci\u00f3n de una manera fiable y segura.[\/vc_column_text][\/vc_column][\/vc_row][vc_row][vc_column][vc_column_text]<\/p>\n<h2 class=\"uppercase mb48\" style=\"text-align: center;\">Climatizaci\u00f3n y Calefacci\u00f3n en Plasencia<\/h2>\n<p style=\"text-align: center;\"><a class=\"btn btn-lg block-xs\" href=\"#\">Contacta con nosotros<\/a><br \/>\n<a class=\"fade-half\" href=\"#\">Ll\u00e1manos al 927 042 611<\/a>[\/vc_column_text][\/vc_column][\/vc_row][vc_row css=\u00bb.vc_custom_1597835007415{margin-bottom: -150px !important;background-color: #f5f5f5 !important;background-position: center !important;background-repeat: no-repeat !important;background-size: cover !important;}\u00bb][vc_column css_animation=\u00bbtop-to-bottom\u00bb][vc_column_text]<\/p>\n<h4 class=\"text-center uppercase mb64 mb-xs-40\" style=\"text-align: center;\">\u00daLTIMAS NOTICIAS<\/h4>\n<p>[\/vc_column_text]\n\t\t<ul class=\"mb0 workshop\">\n\t\t\t<li class=\"overflow-hidden text-center-sm\">\n\t\t\t\t<div class=\"col-md-2 col-md-offset-1 mb24\">\n\t\t\t\t\t<span class=\"title mb16\">DIFERENTES TIPOS DE AIRE ACONDICIONADO<\/span>\n\t\t\t\t\t<span><\/span>\n\t\t\t\t<\/div>\n\t\n\t\t\t\t<div class=\"col-md-6 mb24\">\n\t\t\t\t\t<p>A la hora de comprar un aire acondicionado, es importante conocer las diferentes opciones que existen en el mercado; as\u00ed como las caracter\u00edsticas con las que cuentan y las diferencias entre los distintos dispositivos.<\/p>\n\n\t\t\t\t<\/div>\n\t\n\t\t\t\t<div class=\"col-md-3\">\n\t\t\t\t\t<a class=\"btn\" href=\"https:\/\/comforclima.es\/blog\/tipos-aire-acondicionado\/\">Leer m\u00e1s<\/a>\n\t\t\t\t<\/div>\n\t\t\t<\/li>\n\t\t<\/ul>\n\t\n\t\t<ul class=\"mb0 workshop\">\n\t\t\t<li class=\"overflow-hidden text-center-sm\">\n\t\t\t\t<div class=\"col-md-2 col-md-offset-1 mb24\">\n\t\t\t\t\t<span class=\"title mb16\">BENEFICIOS DE DESINFECTAR Y PURIFICAR EL AIRE<\/span>\n\t\t\t\t\t<span><\/span>\n\t\t\t\t<\/div>\n\t\n\t\t\t\t<div class=\"col-md-6 mb24\">\n\t\t\t\t\t<p>Purificar el aire hoy en d\u00eda es muy importante en nuestros hogares, sobretodo por la pandemia que estamos viviendo en estos momentos. Un aire de mala calidad es peligroso y da\u00f1ino; el aire que entra a trav\u00e9s de las ventanas de casa est\u00e1 contaminado, con ello se ensucia m\u00e1s el entorno.<\/p>\n\n\t\t\t\t<\/div>\n\t\n\t\t\t\t<div class=\"col-md-3\">\n\t\t\t\t\t<a class=\"btn\" href=\"https:\/\/comforclima.es\/blog\/beneficios-de-desinfectar-y-purificar-el-aire\/\">Leer m\u00e1s<\/a>\n\t\t\t\t<\/div>\n\t\t\t<\/li>\n\t\t<\/ul>\n\t[\/vc_column][\/vc_row][vc_row][vc_column][vc_empty_space][\/vc_column][\/vc_row]<\/p>\n","protected":false},"excerpt":{"rendered":"<p>[vc_row full_width=\u00bbstretch_row\u00bb css=\u00bb.vc_custom_1443022843786{padding-top: 0px !important;padding-bottom: 0px !important;}\u00bb][vc_column][vc_column_text] [\/vc_column_text][vc_column_text] \u00bfEst\u00e1s pensando en cambiar el sistemas de climatizaci\u00f3n y calefacci\u00f3n de tu hogar? \u00a1En Comforclima podemos ayudarte! [\/vc_column_text][\/vc_column][\/vc_row][vc_row css=\u00bb.vc_custom_1443023537711{padding-bottom: 0px !important;}\u00bb][vc_column css=\u00bb.vc_custom_1600247062135{background-color: #e5e5e5 !important;}\u00bb][vc_column_text] NUESTROS SERVICIOS [\/vc_column_text][\/vc_column][\/vc_row][vc_row css=\u00bb.vc_custom_1443023544076{padding-bottom: 0px !important;}\u00bb][vc_column width=\u00bb1\/3&#8243;][vc_column_text] CALEFACCI\u00d3N En Comforclima montamos aparatos de calefacci\u00f3n as\u00ed como estufas de pellets para que puedas disfrutar [&hellip;]<\/p>\n","protected":false},"author":1,"featured_media":0,"parent":307,"menu_order":0,"comment_status":"closed","ping_status":"closed","template":"","meta":[],"yoast_head":"<!-- This site is optimized with the Yoast SEO plugin v15.8 - https:\/\/yoast.com\/wordpress\/plugins\/seo\/ -->\n<title>Calefacci\u00f3n y Climatizaci\u00f3n en Plasencia - Comforclima.es<\/title>\n<meta name=\"robots\" content=\"index, follow, max-snippet:-1, max-image-preview:large, max-video-preview:-1\" \/>\n<link rel=\"canonical\" href=\"https:\/\/comforclima.es\/blog\/\" \/>\n<meta property=\"og:locale\" content=\"es_ES\" \/>\n<meta property=\"og:type\" content=\"article\" \/>\n<meta property=\"og:title\" content=\"Calefacci\u00f3n y Climatizaci\u00f3n en Plasencia - Comforclima.es\" \/>\n<meta property=\"og:description\" content=\"[vc_row full_width=\u00bbstretch_row\u00bb css=\u00bb.vc_custom_1443022843786{padding-top: 0px !important;padding-bottom: 0px !important;}\u00bb][vc_column][vc_column_text] [\/vc_column_text][vc_column_text] \u00bfEst\u00e1s pensando en cambiar el sistemas de climatizaci\u00f3n y calefacci\u00f3n de tu hogar? \u00a1En Comforclima podemos ayudarte! [\/vc_column_text][\/vc_column][\/vc_row][vc_row css=\u00bb.vc_custom_1443023537711{padding-bottom: 0px !important;}\u00bb][vc_column css=\u00bb.vc_custom_1600247062135{background-color: #e5e5e5 !important;}\u00bb][vc_column_text] NUESTROS SERVICIOS [\/vc_column_text][\/vc_column][\/vc_row][vc_row css=\u00bb.vc_custom_1443023544076{padding-bottom: 0px !important;}\u00bb][vc_column width=\u00bb1\/3&#8243;][vc_column_text] CALEFACCI\u00d3N En Comforclima montamos aparatos de calefacci\u00f3n as\u00ed como estufas de pellets para que puedas disfrutar [&hellip;]\" \/>\n<meta property=\"og:url\" content=\"https:\/\/comforclima.es\/blog\/\" \/>\n<meta property=\"og:site_name\" content=\"Comforclima\" \/>\n<meta property=\"article:modified_time\" content=\"2020-09-16T09:04:17+00:00\" \/>\n<meta property=\"og:image\" content=\"https:\/\/comforclima.es\/blog\/wp-content\/uploads\/2020\/08\/Calefacci\u00f3nComforclima-300x199.jpg\" \/>\n<meta name=\"twitter:card\" content=\"summary_large_image\" \/>\n<meta name=\"twitter:label1\" content=\"Tiempo de lectura\">\n\t<meta name=\"twitter:data1\" content=\"2 minutos\">\n<script type=\"application\/ld+json\" class=\"yoast-schema-graph\">{\"@context\":\"https:\/\/schema.org\",\"@graph\":[{\"@type\":\"WebSite\",\"@id\":\"https:\/\/comforclima.es\/blog\/#website\",\"url\":\"https:\/\/comforclima.es\/blog\/\",\"name\":\"Comforclima\",\"description\":\"Climatizaci\\u00f3n y Calefacci\\u00f3n en Plasencia. \",\"potentialAction\":[{\"@type\":\"SearchAction\",\"target\":\"https:\/\/comforclima.es\/blog\/?s={search_term_string}\",\"query-input\":\"required name=search_term_string\"}],\"inLanguage\":\"es\"},{\"@type\":\"ImageObject\",\"@id\":\"https:\/\/comforclima.es\/blog\/#primaryimage\",\"inLanguage\":\"es\",\"url\":\"https:\/\/comforclima.es\/blog\/wp-content\/uploads\/2020\/08\/Calefacci\\u00f3nComforclima.jpg\",\"width\":869,\"height\":576,\"caption\":\"Calefacci\\u00f3nComforclima\"},{\"@type\":\"WebPage\",\"@id\":\"https:\/\/comforclima.es\/blog\/#webpage\",\"url\":\"https:\/\/comforclima.es\/blog\/\",\"name\":\"Calefacci\\u00f3n y Climatizaci\\u00f3n en Plasencia - Comforclima.es\",\"isPartOf\":{\"@id\":\"https:\/\/comforclima.es\/blog\/#website\"},\"primaryImageOfPage\":{\"@id\":\"https:\/\/comforclima.es\/blog\/#primaryimage\"},\"datePublished\":\"2015-09-23T16:30:02+00:00\",\"dateModified\":\"2020-09-16T09:04:17+00:00\",\"breadcrumb\":{\"@id\":\"https:\/\/comforclima.es\/blog\/#breadcrumb\"},\"inLanguage\":\"es\",\"potentialAction\":[{\"@type\":\"ReadAction\",\"target\":[\"https:\/\/comforclima.es\/blog\/\"]}]},{\"@type\":\"BreadcrumbList\",\"@id\":\"https:\/\/comforclima.es\/blog\/#breadcrumb\",\"itemListElement\":[{\"@type\":\"ListItem\",\"position\":1,\"item\":{\"@type\":\"WebPage\",\"@id\":\"https:\/\/comforclima.es\/blog\/\",\"url\":\"https:\/\/comforclima.es\/blog\/\",\"name\":\"Portada\"}},{\"@type\":\"ListItem\",\"position\":2,\"item\":{\"@type\":\"WebPage\",\"@id\":\"https:\/\/comforclima.es\/blog\/preguntas-frecuentes\/\",\"url\":\"https:\/\/comforclima.es\/blog\/preguntas-frecuentes\/\",\"name\":\"Preguntas frecuentes\"}},{\"@type\":\"ListItem\",\"position\":3,\"item\":{\"@type\":\"WebPage\",\"@id\":\"https:\/\/comforclima.es\/blog\/\",\"url\":\"https:\/\/comforclima.es\/blog\/\",\"name\":\"Comforclima\"}}]}]}<\/script>\n<!-- \/ Yoast SEO plugin. -->","_links":{"self":[{"href":"https:\/\/comforclima.es\/blog\/wp-json\/wp\/v2\/pages\/16"}],"collection":[{"href":"https:\/\/comforclima.es\/blog\/wp-json\/wp\/v2\/pages"}],"about":[{"href":"https:\/\/comforclima.es\/blog\/wp-json\/wp\/v2\/types\/page"}],"author":[{"embeddable":true,"href":"https:\/\/comforclima.es\/blog\/wp-json\/wp\/v2\/users\/1"}],"replies":[{"embeddable":true,"href":"https:\/\/comforclima.es\/blog\/wp-json\/wp\/v2\/comments?post=16"}],"version-history":[{"count":38,"href":"https:\/\/comforclima.es\/blog\/wp-json\/wp\/v2\/pages\/16\/revisions"}],"predecessor-version":[{"id":606,"href":"https:\/\/comforclima.es\/blog\/wp-json\/wp\/v2\/pages\/16\/revisions\/606"}],"up":[{"embeddable":true,"href":"https:\/\/comforclima.es\/blog\/wp-json\/wp\/v2\/pages\/307"}],"wp:attachment":[{"href":"https:\/\/comforclima.es\/blog\/wp-json\/wp\/v2\/media?parent=16"}],"curies":[{"name":"wp","href":"https:\/\/api.w.org\/{rel}","templated":true}]}}