{"id":307,"date":"2015-09-15T15:30:27","date_gmt":"2015-09-15T15:30:27","guid":{"rendered":"http:\/\/tommustester.wpengine.com\/?page_id=9"},"modified":"2020-09-16T09:06:18","modified_gmt":"2020-09-16T09:06:18","slug":"preguntas-frecuentes","status":"publish","type":"page","link":"https:\/\/comforclima.es\/blog\/preguntas-frecuentes\/","title":{"rendered":"Preguntas frecuentes"},"content":{"rendered":"<p>[vc_row][vc_column][vc_column_text]<\/p>\n<h2>CALEFACCI\u00d3N<\/h2>\n<p>[\/vc_column_text][vc_toggle title=\u00bb\u00bfQu\u00e9 beneficios tiene una estufa de pellets?\u00bb]Estas estufas producen calor, dando una sensaci\u00f3n t\u00e9rmica en toda la casa.[\/vc_toggle][vc_toggle title=\u00bb\u00bfCu\u00e1nto combustible consume una estufa de pellet?\u00bb]Hay muchos factores que pueden variar a la hora de calcular el consumo de la estufa de pellet ya que depende del tipo de pellet, de estufa y el tiempo que se mantenga encendida, pero aunque se utilice una estufa diferente o un pellet distinto casi siempre oscilan entre los mismos par\u00e1metros.<\/p>\n<p>Las estufas de pellets suelen funcionar durante unas 7 u 8 horas diarias por lo que el consumo diario ser\u00eda de 2\u20ac al d\u00eda aproximadamente. Si se hace la cuenta, al mes serian unos 60\u20ac de consumo. En cuanto a consumo el\u00e9ctrico o de combustible suele ser aproximadamente entre los 100W-150W llegando a alcanzar los 400W cuando se enciende la estufa.[\/vc_toggle][vc_toggle title=\u00bb\u00bfSe puede instalar una caldera de pellets en un piso?\u00bb]Legalmente es dif\u00edcil poder instalar una estufa de pellets en un piso, solo y exclusivamente se podr\u00eda instalar si se tiene una salida de humo en la fachada directamente hasta la cubierta.[\/vc_toggle][vc_toggle title=\u00bb\u00bfC\u00f3mo puedo calentar mi casa r\u00e1pidamente?\u00bb]Aqu\u00ed van algunos consejos para calentar la casa de una manera m\u00e1s r\u00e1pida:<br \/>\n&#8211; Las alfombras son un buen aliado ya que sirven de decoraci\u00f3n y proporcionan calor en las estancias donde se sit\u00faan.<br \/>\n&#8211; Ventilar en horas puntuales en vez de tener todo cerrado.<br \/>\n&#8211; Existen unas cortinas t\u00e9rmicas que ayudan a generar calor.<br \/>\n&#8211; Usar cinta adhesiva en los rincones donde no haya un buen aislante y por donde se pueda escapar el calor.<br \/>\n&#8211; Cerrar las puertas.<br \/>\n&#8211; En espacios peque\u00f1os tambi\u00e9n se pueden a\u00f1adir velas decorativas que ayuden a calentar ciertas zonas.<br \/>\n&#8211; En las paredes y en los objetos voluminosos es aconsejable que tengan un color c\u00e1lido para que atrape la energ\u00eda radiante del sol.[\/vc_toggle][vc_separator color=\u00bbwhite\u00bb el_width=\u00bb80&#8243;][vc_column_text]<\/p>\n<h2>CLIMATIZACI\u00d3N<\/h2>\n<p>[\/vc_column_text][vc_toggle title=\u00bb\u00bfQui\u00e9n debe hacer la instalaci\u00f3n del aire acondicionado?\u00bb]Los aires acondicionados pueden ser instalados \u00fanicamente por empresas especializadas.[\/vc_toggle][vc_toggle title=\u00bb\u00bfCu\u00e1l es la temperatura id\u00f3nea en verano del aire acondicionado?\u00bb]La temperatura ideal para esa \u00e9poca del a\u00f1o es de entre 23\u00b0 y 25\u00b0.[\/vc_toggle][vc_toggle title=\u00bb\u00bfQu\u00e9 mantenimiento necesita mi aire acondicionado?\u00bb]El primer paso es limpiar los filtros de la unidad interna, luego limpiar el split, despu\u00e9s la unidad externa y finalizar con una revisi\u00f3n del circuito.[\/vc_toggle][vc_toggle title=\u00bb\u00bfPuede mi aire acondicionado servir como calefacci\u00f3n en invierno?\u00bb]Muchos aparatos de aire acondicionado se pueden aprovechar como calefacci\u00f3n gracias a su bomba de calor.[\/vc_toggle][vc_toggle title=\u00bb\u00bfEs verdad que poner un aire acondicionado dispara el consumo energ\u00e9tico en la factura de electricidad?\u00bb]Dependiendo de su uso, el aire acondicionado s\u00ed que dispara la factura el\u00e9ctrica, sobre todo en \u00e9pocas de olas de calor que suelen durar una semana como m\u00e1ximo donde el aire acondicionado est\u00e1 mucho m\u00e1s tiempo conectado. Pero con unas medidas y cambios a la hora de usar el aire acondicionado se reduce el gasto considerablemente, como por ejemplo encenderlo en horas puntuales y que la temperatura no disminuya de los 20\u00ba.[\/vc_toggle][vc_toggle title=\u00bb\u00bfCu\u00e1ntas frigor\u00edas debe tener un aire acondicionado para que enfr\u00ede una estancia correctamente?\u00bb]El c\u00e1lculo base de frigor\u00edas es de 100 frigor\u00edas por metro cuadrado. Por ejemplo, para un espacio de 60 m2 se necesitar\u00e1n por lo menos unas 6.000 frigor\u00edas y para un espacio de 30 m2, necesitar\u00edamos 3.000 frigor\u00edas.[\/vc_toggle][\/vc_column][\/vc_row]<\/p>\n","protected":false},"excerpt":{"rendered":"<p>[vc_row][vc_column][vc_column_text] CALEFACCI\u00d3N [\/vc_column_text][vc_toggle title=\u00bb\u00bfQu\u00e9 beneficios tiene una estufa de pellets?\u00bb]Estas estufas producen calor, dando una sensaci\u00f3n t\u00e9rmica en toda la casa.[\/vc_toggle][vc_toggle title=\u00bb\u00bfCu\u00e1nto combustible consume una estufa de pellet?\u00bb]Hay muchos factores que pueden variar a la hora de calcular el consumo de la estufa de pellet ya que depende del tipo de pellet, de estufa y [&hellip;]<\/p>\n","protected":false},"author":1,"featured_media":0,"parent":0,"menu_order":0,"comment_status":"closed","ping_status":"closed","template":"","meta":[],"yoast_head":"<!-- This site is optimized with the Yoast SEO plugin v15.8 - https:\/\/yoast.com\/wordpress\/plugins\/seo\/ -->\n<title>Preguntas frecuentes - Comforclima<\/title>\n<meta name=\"robots\" content=\"index, follow, max-snippet:-1, max-image-preview:large, max-video-preview:-1\" \/>\n<link rel=\"canonical\" href=\"https:\/\/comforclima.es\/blog\/preguntas-frecuentes\/\" \/>\n<meta property=\"og:locale\" content=\"es_ES\" \/>\n<meta property=\"og:type\" content=\"article\" \/>\n<meta property=\"og:title\" content=\"Preguntas frecuentes - Comforclima\" \/>\n<meta property=\"og:description\" content=\"[vc_row][vc_column][vc_column_text] CALEFACCI\u00d3N [\/vc_column_text][vc_toggle title=\u00bb\u00bfQu\u00e9 beneficios tiene una estufa de pellets?\u00bb]Estas estufas producen calor, dando una sensaci\u00f3n t\u00e9rmica en toda la casa.[\/vc_toggle][vc_toggle title=\u00bb\u00bfCu\u00e1nto combustible consume una estufa de pellet?\u00bb]Hay muchos factores que pueden variar a la hora de calcular el consumo de la estufa de pellet ya que depende del tipo de pellet, de estufa y [&hellip;]\" \/>\n<meta property=\"og:url\" content=\"https:\/\/comforclima.es\/blog\/preguntas-frecuentes\/\" \/>\n<meta property=\"og:site_name\" content=\"Comforclima\" \/>\n<meta property=\"article:modified_time\" content=\"2020-09-16T09:06:18+00:00\" \/>\n<meta name=\"twitter:card\" content=\"summary_large_image\" \/>\n<meta name=\"twitter:label1\" content=\"Tiempo de lectura\">\n\t<meta name=\"twitter:data1\" content=\"3 minutos\">\n<script type=\"application\/ld+json\" class=\"yoast-schema-graph\">{\"@context\":\"https:\/\/schema.org\",\"@graph\":[{\"@type\":\"WebSite\",\"@id\":\"https:\/\/comforclima.es\/blog\/#website\",\"url\":\"https:\/\/comforclima.es\/blog\/\",\"name\":\"Comforclima\",\"description\":\"Climatizaci\\u00f3n y Calefacci\\u00f3n en Plasencia. \",\"potentialAction\":[{\"@type\":\"SearchAction\",\"target\":\"https:\/\/comforclima.es\/blog\/?s={search_term_string}\",\"query-input\":\"required name=search_term_string\"}],\"inLanguage\":\"es\"},{\"@type\":\"WebPage\",\"@id\":\"https:\/\/comforclima.es\/blog\/preguntas-frecuentes\/#webpage\",\"url\":\"https:\/\/comforclima.es\/blog\/preguntas-frecuentes\/\",\"name\":\"Preguntas frecuentes - Comforclima\",\"isPartOf\":{\"@id\":\"https:\/\/comforclima.es\/blog\/#website\"},\"datePublished\":\"2015-09-15T15:30:27+00:00\",\"dateModified\":\"2020-09-16T09:06:18+00:00\",\"breadcrumb\":{\"@id\":\"https:\/\/comforclima.es\/blog\/preguntas-frecuentes\/#breadcrumb\"},\"inLanguage\":\"es\",\"potentialAction\":[{\"@type\":\"ReadAction\",\"target\":[\"https:\/\/comforclima.es\/blog\/preguntas-frecuentes\/\"]}]},{\"@type\":\"BreadcrumbList\",\"@id\":\"https:\/\/comforclima.es\/blog\/preguntas-frecuentes\/#breadcrumb\",\"itemListElement\":[{\"@type\":\"ListItem\",\"position\":1,\"item\":{\"@type\":\"WebPage\",\"@id\":\"https:\/\/comforclima.es\/blog\/\",\"url\":\"https:\/\/comforclima.es\/blog\/\",\"name\":\"Portada\"}},{\"@type\":\"ListItem\",\"position\":2,\"item\":{\"@type\":\"WebPage\",\"@id\":\"https:\/\/comforclima.es\/blog\/preguntas-frecuentes\/\",\"url\":\"https:\/\/comforclima.es\/blog\/preguntas-frecuentes\/\",\"name\":\"Preguntas frecuentes\"}}]}]}<\/script>\n<!-- \/ Yoast SEO plugin. -->","_links":{"self":[{"href":"https:\/\/comforclima.es\/blog\/wp-json\/wp\/v2\/pages\/307"}],"collection":[{"href":"https:\/\/comforclima.es\/blog\/wp-json\/wp\/v2\/pages"}],"about":[{"href":"https:\/\/comforclima.es\/blog\/wp-json\/wp\/v2\/types\/page"}],"author":[{"embeddable":true,"href":"https:\/\/comforclima.es\/blog\/wp-json\/wp\/v2\/users\/1"}],"replies":[{"embeddable":true,"href":"https:\/\/comforclima.es\/blog\/wp-json\/wp\/v2\/comments?post=307"}],"version-history":[{"count":20,"href":"https:\/\/comforclima.es\/blog\/wp-json\/wp\/v2\/pages\/307\/revisions"}],"predecessor-version":[{"id":611,"href":"https:\/\/comforclima.es\/blog\/wp-json\/wp\/v2\/pages\/307\/revisions\/611"}],"wp:attachment":[{"href":"https:\/\/comforclima.es\/blog\/wp-json\/wp\/v2\/media?parent=307"}],"curies":[{"name":"wp","href":"https:\/\/api.w.org\/{rel}","templated":true}]}}